 and 210.
30
Suppose o + 0*o - x = -3, -3*x = -4*o - 7. Suppose -10 + 0 = -o*g. Suppose 4*u = m + 30 + 11, u - g = 2*m. What is the highest common divisor of u and 77?
11
Let q(o) = 44*o + 1. Let u be q(4). Let w = u - 124. Let g = -37 + w. What is the highest common factor of g and 128?
16
Suppose 16*v = 18*v - 22. Suppose 2*p = -p + 3*f + 39, -v = -p + 3*f. Calculate the highest common divisor of 28 and p.
14
Suppose -6*h - 80 = -2*h. Let y = h - -30. Calculate the greatest common factor of 70 and y.
10
Suppose 0 = -3*g - 3*b + 24, 2*b - 16 = -g - 3*b. Let n(t) = -t**3 + 9*t**2 - 4. Let h be n(g). What is the highest common factor of 13 and h?
13
Let y be 1 + 4/(-1 - -3). What is the highest common divisor of y and 57?
3
Suppose -4*v + 4*z + 124 = -2*v, -3*v - 5*z = -175. Let q = -51 + 75. What is the highest common factor of q and v?
12
Let i be (2/(-6) + 1)*3. Let z(x) = x. Let j be z(5). Suppose -2*n + 23 = -j. Calculate the highest common divisor of i and n.
2
Suppose 1 = j - 4*g + 14, 3*g + 20 = 5*j. Suppose -2*f + 630 = 8*f. Calculate the highest common divisor of f and j.
7
Let p = -29 + 55. Calculate the highest common divisor of p and 286.
26
Suppose -n - 3*o = -0*o - 136, -128 = -n - 5*o. What is the highest common factor of 37 and n?
37
Suppose -8 = -4*b - 0*b, -v - 5*b + 23 = 0. Let p be 1/((-2)/(-284 - 2)). Calculate the highest common factor of p and v.
13
Let q = -3 + 6. Suppose -q*h - 14 = -4*h. What is the greatest common factor of 112 and h?
14
Let w(l) = -l**3 + 4*l**2 - 2*l - 1. Let f = -15 + 18. Let n be w(f). Suppose -8 = c - 3*z, c + 2*z = 4*z - 4. What is the greatest common factor of n and c?
2
Suppose 0 = -u - 3*l - 6, -4*u = -5*l - 27. Calculate the highest common factor of u and 3.
3
Let c = 87 - 85. Calculate the greatest common factor of 3 and c.
1
Suppose 0 = 19*s - 306 + 78. Let k(d) = -19*d - 2. Let y be k(-2). What is the greatest common factor of s and y?
12
Suppose 4*s - 160 = -5*f, -f - 2*s - s + 21 = 0. Calculate the greatest common divisor of 24 and f.
12
Let v(l) = 22*l**3 + 3*l**2 - 3*l - 1. Let w be v(1). What is the highest common factor of w and 7?
7
Let r be (4*-2)/(-6 + 4). Suppose -7*d = -9*d + r. What is the greatest common factor of 2 and d?
2
Suppose -11 = -r + 45. Let q(y) = -4. Let v(u) = -u - 5. Let i(t) = -3*q(t) + 2*v(t). Let x be i(-6). Calculate the highest common factor of r and x.
14
Let s = 157 + -152. What is the greatest common divisor of 25 and s?
5
Let y = -23 - -19. Let m be 54 + -3 + 9 + y. What is the highest common factor of 8 and m?
8
Let x(h) = -7*h + 1. Let g be x(-5). Let d be -6*(-4)/8 + 1 + 14. What is the greatest common divisor of g and d?
18
Let l be -1 - ((-6)/3 + 1). Let o be (-1)/1 - (-3 + l). Suppose 0 = o*s - 5*s + 120. What is the highest common factor of 5 and s?
5
Let c(v) = 6*v + 7*v**2 - 5 - 11*v**2 - v**3 - 2. Let s be c(-6). Suppose 3*t = -s + 299. What is the greatest common divisor of t and 10?
10
Let l be 3/(9/3 + (-45)/16). What is the highest common factor of 128 and l?
16
Suppose 5*n = -3*g - 197 + 848, -4*n = -g - 531. Suppose 3*v = 42 - 6. Calculate the greatest common factor of n and v.
12
Suppose 5*k + 305 = 4*y, 0 = 4*y + 4*k - 3 - 293. Calculate the greatest common divisor of y and 15.
15
Let x be 3 + 3*6/(-9). What is the greatest common divisor of 1 and x?
1
Suppose 0 = 10*j + 139 - 369. Let o = -239 + 446. What is the greatest common divisor of j and o?
23
Let s = -14 + 19. Suppose -2*h - 5*n = -10*n - 109, -n = s. Calculate the greatest common divisor of 6 and h.
6
Let s(f) = -55*f**3 + f**2 + f + 1. Let j be s(-1). Calculate the greatest common factor of 280 and j.
56
Let s = -4 + -3. Let h(n) = -n + 2. Let t be h(s). Calculate the highest common factor of t and 45.
9
Let y = 121 - 79. Calculate the greatest common factor of 14 and y.
14
Let k = -21 + 31. Let l = 42 - k. Calculate the highest common factor of 4 and l.
4
Suppose n = 3*p + 2, p - 40 = -4*n - 3*p. Suppose 6*j - 108 = 4*j - 5*l, -4*j + 3*l = -268. What is the highest common divisor of j and n?
8
Suppose -21*h = -26*h + 35. What is the greatest common factor of h and 77?
7
Suppose 30*z - 40*z + 280 = 0. What is the greatest common factor of z and 140?
28
Let q be (-2)/(-5) - (-1749)/15. Calculate the highest common divisor of q and 13.
13
Let g = 28 + -6. Calculate the highest common factor of g and 2.
2
Let i be (-9)/6*-2 - -11. What is the highest common factor of i and 14?
14
Let b = 2 - -16. Calculate the greatest common divisor of b and 12.
6
Suppose -5*x = -3*u + 98, 0*x = u - 3*x - 30. Calculate the greatest common factor of 24 and u.
12
Suppose -4*z + 8 + 0 = 0. Calculate the highest common divisor of z and 2.
2
Let j be 1/(-1 + 2)*11. Suppose 3*s - 52 = 4*m, -3*s = 3*m + 2*m + 92. Let w be ((-12)/10)/(m/440). What is the greatest common factor of j and w?
11
Let k = 144 - 96. What is the greatest common factor of k and 6?
6
Suppose -3*m - m + 20 = 0. Suppose -m*x - 20 = 30. Let h be (4/x)/(2/(-50)). What is the highest common factor of h and 110?
10
Suppose -3*h + 280 = -2*k, 0*h - 3*h + k = -284. Let j(w) = -6*w - 6. Let p be j(-5). Calculate the highest common factor of p and h.
24
Let u = -6 + -1. Let q = u + 8. Let s(m) = -m**2 + 6*m - 3. Let p be s(5). Calculate the highest common divisor of p and q.
1
Suppose -2*p + 22 = -6. Let h(z) = z**3 - 9*z**2 + z + 12. Let f be h(9). What is the highest common divisor of p and f?
7
Let f(i) = -i**2 + 10*i - 17. Let a be f(6). Calculate the highest common factor of a and 1.
1
Suppose 5*x + 2*c - 80 = -2*c, 0 = -3*x - 2*c + 50. Calculate the greatest common divisor of 260 and x.
20
Let y = -2 - -6. Let n be 5 - -2 - 3/1. Calculate the greatest common divisor of n and y.
4
Let k(y) = -y - 1. Let b be k(4). Let c = 45 - b. Let u = -19 - -39. What is the highest common factor of u and c?
10
Suppose 6*l = 14*l - 912. Calculate the greatest common divisor of l and 38.
38
Let m be -1 + (-140)/(-3 + -2). Let h = 298 - 82. What is the highest common divisor of h and m?
27
Suppose -o - 2 = -21. Calculate the greatest common divisor of 57 and o.
19
Suppose -352 = -3*r + j, -4*r = -2*j - 149 - 317. Let q be (-1)/((-18)/8 + 2). Suppose 133 = q*t - r. What is the greatest common divisor of t and 42?
21
Let s(j) = -9*j + 6. Let c = 9 - 14. Let v be s(c). Let y = 41 + -24. Calculate the greatest common divisor of v and y.
17
Let l(s) = 3*s**2 - 4*s**2 + 2*s**2 + 8 - 5*s. Let b = 2 - -4. Let p be l(b). What is the greatest common divisor of 56 and p?
14
Suppose 3*s - 2*s - 135 = 0. What is the highest common divisor of s and 27?
27
Let d(v) = -2*v**3 - 2*v**2 - v - 1. Let f be d(2). Let l = f - -47. Calculate the greatest common divisor of 80 and l.
20
Let o be 0 + 16 + (0 - -2) + 2. Calculate the greatest common factor of 20 and o.
20
Let v(o) = -6*o**2 - o**3 - 16*o - 2 + 10*o - 1. Let s be v(-5). Calculate the highest common divisor of s and 14.
2
Suppose -8*r + 165 = -3*r. Suppose 0 = 2*n - 5*c - 33, 0 = 5*n + 4*c - 0*c - r. Let l be 11 + -2 - -2 - 2. What is the greatest common divisor of l and n?
9
Let m be (11/4)/(1/16). Let a = 98 - m. Calculate the highest common divisor of 6 and a.
6
Let h(l) = l + 1. Let u be h(5). Let b = 28 + 26. What is the greatest common factor of b and u?
6
Let l(j) = j**2 + 4*j - 5. Let k be l(-7). Suppose 5*o - 3*h - 19 = 0, -4*h = -o - 7*h - 7. Calculate the highest common divisor of o and k.
2
Let w be ((-26)/4)/(6/(-36)). Suppose 2*a + 5*k - 29 = -a, -k = -5*a + w. What is the highest common factor of 4 and a?
4
Let w = -8 - -12. Suppose w*d = -c - d + 265, 5*c = -d + 1349. Suppose -2*j + 4*j - c = 0. What is the highest common divisor of 15 and j?
15
Suppose 0 = -4*a + 58 + 118. Let p(y) = y**2 + 4*y + 4. Suppose -g - 11 = -7. Let s be p(g). Calculate the highest common factor of a and s.
4
Let t(s) = s**2 - 25*s + 60. Let o be t(24). Calculate the highest common factor of 288 and o.
36
Let o be (-48)/(-10) + (-2)/(-10). Suppose o*h + 10 = 0, 5*x + 12 = 3*h + 78. Calculate the highest common factor of x and 24.
12
Let g = 7 + 20. Let n = 38 - g. What is the highest common factor of n and 11?
11
Let z be 9/2 - 12/(-8). Let g be (z/(-24))/((-2)/8). Calculate the highest common divisor of 2 and g.